{"id":1751,"date":"2019-02-25T15:21:52","date_gmt":"2019-02-25T15:21:52","guid":{"rendered":"http:\/\/ville-illies.fr\/?page_id=1751"},"modified":"2025-02-26T20:21:36","modified_gmt":"2025-02-26T20:21:36","slug":"declaration-prealable-de-travaux","status":"publish","type":"page","link":"https:\/\/ville-illies.fr\/?page_id=1751","title":{"rendered":"D\u00e9claration pr\u00e9alable de travaux"},"content":{"rendered":"<p>[et_pb_section fb_built=\u00a0\u00bb1&Prime; fullwidth=\u00a0\u00bbon\u00a0\u00bb _builder_version=\u00a0\u00bb4.16&Prime; custom_padding=\u00a0\u00bb0px||0px\u00a0\u00bb bottom_divider_color=\u00a0\u00bb#edf000&Prime; global_colors_info=\u00a0\u00bb{}\u00a0\u00bb][et_pb_fullwidth_header title=\u00a0\u00bbD\u00e9claration pr\u00e9alable de travaux\u00a0\u00bb background_overlay_color=\u00a0\u00bbrgba(30,29,29,0.71)\u00a0\u00bb _builder_version=\u00a0\u00bb4.16&Prime; title_level=\u00a0\u00bbh2&Prime; title_font=\u00a0\u00bbTrebuchet|||on|||||\u00a0\u00bb title_text_align=\u00a0\u00bbcenter\u00a0\u00bb title_font_size=\u00a0\u00bb60px\u00a0\u00bb background_image=\u00a0\u00bbhttp:\/\/ville-illies.fr\/wp-content\/uploads\/2019\/02\/travaux.jpg\u00a0\u00bb custom_margin=\u00a0\u00bb0px||\u00a0\u00bb custom_padding=\u00a0\u00bb150px||150px\u00a0\u00bb filter_contrast=\u00a0\u00bb70%\u00a0\u00bb global_colors_info=\u00a0\u00bb{}\u00a0\u00bb][\/et_pb_fullwidth_header][\/et_pb_section][et_pb_section fb_built=\u00a0\u00bb1&Prime; specialty=\u00a0\u00bbon\u00a0\u00bb _builder_version=\u00a0\u00bb4.16&Prime; global_colors_info=\u00a0\u00bb{}\u00a0\u00bb][et_pb_column type=\u00a0\u00bb1_2&Prime; specialty_columns=\u00a0\u00bb2&Prime; _builder_version=\u00a0\u00bb4.16&Prime; custom_padding=\u00a0\u00bb|||\u00a0\u00bb global_colors_info=\u00a0\u00bb{}\u00a0\u00bb custom_padding__hover=\u00a0\u00bb|||\u00a0\u00bb][et_pb_row_inner _builder_version=\u00a0\u00bb4.16&Prime; global_colors_info=\u00a0\u00bb{}\u00a0\u00bb][et_pb_column_inner saved_specialty_column_type=\u00a0\u00bb1_2&Prime; _builder_version=\u00a0\u00bb4.16&Prime; custom_padding=\u00a0\u00bb|||\u00a0\u00bb global_colors_info=\u00a0\u00bb{}\u00a0\u00bb custom_padding__hover=\u00a0\u00bb|||\u00a0\u00bb][et_pb_text _builder_version=\u00a0\u00bb4.16&Prime; text_font=\u00a0\u00bb||||||||\u00a0\u00bb text_font_size=\u00a0\u00bb18px\u00a0\u00bb global_colors_info=\u00a0\u00bb{}\u00a0\u00bb]<\/p>\n<ol>\n<li style=\"text-align: justify;\"><strong> <\/strong><strong><u>Dans quel cas faut-il demander une d\u00e9claration pr\u00e9alable?<\/u><\/strong><\/li>\n<\/ol>\n<ul style=\"text-align: justify;\">\n<li>Constructions nouvelles\u00a0: les constructions sup\u00e9rieures \u00e0 5m2 et inf\u00e9rieures \u00e0 20m2<\/li>\n<li>Travaux sur constructions existantes\u00a0: Les travaux ayant pour effet de modifier l\u2019aspect ext\u00e9rieur d\u2019un b\u00e2timent existant \u00e0 l\u2019exception des travaux de ravalement.<\/li>\n<li>Les changements de destination d\u2019un b\u00e2timent existant sans modification des structures porteuses ou de la fa\u00e7ade du b\u00e2timent.<\/li>\n<li>Les extensions de moins de 40m2 des constructions existantes sans que celles-ci ne d\u00e9passent apr\u00e8s extension 150m2.<\/li>\n<\/ul>\n<ul style=\"text-align: justify;\">\n<li style=\"text-align: left;\"><strong>T\u00e9l\u00e9charger le formulaire, cliquez ici :\u00a0 \u00a0 \u00a0 <a href=\"https:\/\/www.formulaires.modernisation.gouv.fr\/gf\/cerfa_13703.do\" target=\"_blank\" rel=\"noopener noreferrer\" title=\"formulaire modernisation\"><img loading=\"lazy\" decoding=\"async\" src=\"http:\/\/ville-illies.fr\/wp-content\/uploads\/2019\/02\/formulaire.png\" width=\"44\" height=\"43\" alt=\"\" class=\"wp-image-1826 alignnone size-full\" \/><\/a><\/strong>\u00a0<\/li>\n<\/ul>\n<p style=\"text-align: justify;\">Ce formulaire est \u00e0 compl\u00e9ter et \u00e0 rendre en 3 exemplaires, accompagn\u00e9 des pi\u00e8ces et plans n\u00e9cessaires \u00e0 l\u2019instruction de votre demande. Les pi\u00e8ces \u00e0 fournir, selon votre demande, sont indiqu\u00e9es page 5 et 6 du formulaire.<\/p>\n<p>[\/et_pb_text][et_pb_text _builder_version=\u00a0\u00bb4.16&Prime; text_font=\u00a0\u00bb||||||||\u00a0\u00bb text_font_size=\u00a0\u00bb18px\u00a0\u00bb global_colors_info=\u00a0\u00bb{}\u00a0\u00bb]<\/p>\n<ol>\n<li><strong> <\/strong><strong><u>D\u00e9lai d\u2019instruction<\/u><\/strong><\/li>\n<\/ol>\n<ul>\n<li style=\"text-align: justify;\">Le d\u00e9lai d\u2019instruction est de 1 mois \u00e0 partir de la date de d\u00e9p\u00f4t en mairie.<\/li>\n<\/ul>\n<p style=\"text-align: justify;\">Si le dossier n\u2019est pas complet, le service instructeur a 1 mois pour r\u00e9clamer les pi\u00e8ces manquantes. Vous avez alors 3 mois pour compl\u00e9ter votre dossier. Si l\u2019administration n\u2019a pas de nouvelle lors de ce d\u00e9lai, votre demande sera consid\u00e9r\u00e9e comme rejet\u00e9e.<\/p>\n<p>[\/et_pb_text][\/et_pb_column_inner][\/et_pb_row_inner][\/et_pb_column][et_pb_column type=\u00a0\u00bb1_2&Prime; _builder_version=\u00a0\u00bb4.16&Prime; custom_padding=\u00a0\u00bb|||\u00a0\u00bb global_colors_info=\u00a0\u00bb{}\u00a0\u00bb custom_padding__hover=\u00a0\u00bb|||\u00a0\u00bb][et_pb_text _builder_version=\u00a0\u00bb4.16&Prime; text_font=\u00a0\u00bb||||||||\u00a0\u00bb text_font_size=\u00a0\u00bb18px\u00a0\u00bb global_colors_info=\u00a0\u00bb{}\u00a0\u00bb]<\/p>\n<p><img loading=\"lazy\" decoding=\"async\" src=\"http:\/\/ville-illies.fr\/wp-content\/uploads\/2019\/02\/panneau-e1551214156172.png\" width=\"150\" height=\"132\" alt=\"\" class=\"wp-image-1822 alignnone size-full\" style=\"display: block; margin-left: auto; margin-right: auto;\" \/><\/p>\n<p>Dans certain cas, notamment si le terrain est situ\u00e9 dans une zone sauvegard\u00e9e, le d\u00e9lai d\u2019instruction peut-\u00eatre plus long, vous en serez alors inform\u00e9 dans le mois qui suit le d\u00e9p\u00f4t de votre demande en mairie.<\/p>\n<p>Pour plus d\u2019informations sur la demande de d\u00e9claration pr\u00e9alable de travaux : <span> <\/span><a href=\"mailto:secretariatmaire@ville-illies.fr\">secretariatmaire@ville-illies.fr<\/a><\/p>\n<p><a href=\"https:\/\/www.service-public.fr\/particuliers\/vosdroits\/F17578\" target=\"_blank\" rel=\"noopener noreferrer\" title=\"informations\"><img loading=\"lazy\" decoding=\"async\" src=\"http:\/\/ville-illies.fr\/wp-content\/uploads\/2019\/02\/1024px-Information_icon_with_gradient_background.svg_.png\" width=\"63\" height=\"65\" alt=\"\" class=\"wp-image-1827 alignnone size-full\" style=\"display: block; margin-left: auto; margin-right: auto;\" \/><\/a><\/p>\n<p>[\/et_pb_text][\/et_pb_column][\/et_pb_section]<\/p>\n","protected":false},"excerpt":{"rendered":"<p>Dans quel cas faut-il demander une d\u00e9claration pr\u00e9alable? Constructions nouvelles\u00a0: les constructions sup\u00e9rieures \u00e0 5m2 et inf\u00e9rieures \u00e0 20m2 Travaux sur constructions existantes\u00a0: Les travaux ayant pour effet de modifier l\u2019aspect ext\u00e9rieur d\u2019un b\u00e2timent existant \u00e0 l\u2019exception des travaux de ravalement. Les changements de destination d\u2019un b\u00e2timent existant sans modification des structures porteuses ou de [&hellip;]<\/p>\n","protected":false},"author":1,"featured_media":0,"parent":0,"menu_order":0,"comment_status":"closed","ping_status":"closed","template":"","meta":{"_et_pb_use_builder":"on","_et_pb_old_content":"","_et_gb_content_width":"","footnotes":""},"class_list":["post-1751","page","type-page","status-publish","hentry"],"yoast_head":"<!-- This site is optimized with the Yoast SEO plugin v27.4 - https:\/\/yoast.com\/product\/yoast-seo-wordpress\/ -->\n<title>D\u00e9claration pr\u00e9alable de travaux - Site officiel de la ville d&#039;Illies<\/title>\n<meta name=\"description\" content=\"Dans le cadre de vos projet, la d\u00e9claration pr\u00e9alable de travaux est souvent n\u00e9cessaire. T\u00e9l\u00e9chargez les documents et prennez connaissance des d\u00e9marches.\" \/>\n<meta name=\"robots\" content=\"index, follow, max-snippet:-1, max-image-preview:large, max-video-preview:-1\" \/>\n<link rel=\"canonical\" href=\"https:\/\/ville-illies.fr\/?page_id=1751\" \/>\n<meta property=\"og:locale\" content=\"fr_FR\" \/>\n<meta property=\"og:type\" content=\"article\" \/>\n<meta property=\"og:title\" content=\"D\u00e9claration pr\u00e9alable de travaux - Site officiel de la ville d&#039;Illies\" \/>\n<meta property=\"og:description\" content=\"Dans le cadre de vos projet, la d\u00e9claration pr\u00e9alable de travaux est souvent n\u00e9cessaire. T\u00e9l\u00e9chargez les documents et prennez connaissance des d\u00e9marches.\" \/>\n<meta property=\"og:url\" content=\"https:\/\/ville-illies.fr\/?page_id=1751\" \/>\n<meta property=\"og:site_name\" content=\"Site officiel de la ville d&#039;Illies\" \/>\n<meta property=\"article:modified_time\" content=\"2025-02-26T20:21:36+00:00\" \/>\n<meta property=\"og:image\" content=\"https:\/\/ville-illies.fr\/wp-content\/uploads\/2019\/02\/formulaire.png\" \/>\n\t<meta property=\"og:image:width\" content=\"602\" \/>\n\t<meta property=\"og:image:height\" content=\"563\" \/>\n\t<meta property=\"og:image:type\" content=\"image\/png\" \/>\n<meta name=\"twitter:card\" content=\"summary_large_image\" \/>\n<meta name=\"twitter:label1\" content=\"Dur\u00e9e de lecture estim\u00e9e\" \/>\n\t<meta name=\"twitter:data1\" content=\"2 minutes\" \/>\n<script type=\"application\/ld+json\" class=\"yoast-schema-graph\">{\"@context\":\"https:\\\/\\\/schema.org\",\"@graph\":[{\"@type\":\"WebPage\",\"@id\":\"https:\\\/\\\/ville-illies.fr\\\/?page_id=1751\",\"url\":\"https:\\\/\\\/ville-illies.fr\\\/?page_id=1751\",\"name\":\"D\u00e9claration pr\u00e9alable de travaux - Site officiel de la ville d&#039;Illies\",\"isPartOf\":{\"@id\":\"https:\\\/\\\/ville-illies.fr\\\/#website\"},\"primaryImageOfPage\":{\"@id\":\"https:\\\/\\\/ville-illies.fr\\\/?page_id=1751#primaryimage\"},\"image\":{\"@id\":\"https:\\\/\\\/ville-illies.fr\\\/?page_id=1751#primaryimage\"},\"thumbnailUrl\":\"http:\\\/\\\/ville-illies.fr\\\/wp-content\\\/uploads\\\/2019\\\/02\\\/formulaire.png\",\"datePublished\":\"2019-02-25T15:21:52+00:00\",\"dateModified\":\"2025-02-26T20:21:36+00:00\",\"description\":\"Dans le cadre de vos projet, la d\u00e9claration pr\u00e9alable de travaux est souvent n\u00e9cessaire. T\u00e9l\u00e9chargez les documents et prennez connaissance des d\u00e9marches.\",\"breadcrumb\":{\"@id\":\"https:\\\/\\\/ville-illies.fr\\\/?page_id=1751#breadcrumb\"},\"inLanguage\":\"fr-FR\",\"potentialAction\":[{\"@type\":\"ReadAction\",\"target\":[\"https:\\\/\\\/ville-illies.fr\\\/?page_id=1751\"]}]},{\"@type\":\"ImageObject\",\"inLanguage\":\"fr-FR\",\"@id\":\"https:\\\/\\\/ville-illies.fr\\\/?page_id=1751#primaryimage\",\"url\":\"https:\\\/\\\/ville-illies.fr\\\/wp-content\\\/uploads\\\/2019\\\/02\\\/formulaire.png\",\"contentUrl\":\"https:\\\/\\\/ville-illies.fr\\\/wp-content\\\/uploads\\\/2019\\\/02\\\/formulaire.png\",\"width\":602,\"height\":563,\"caption\":\"poctogramme\"},{\"@type\":\"BreadcrumbList\",\"@id\":\"https:\\\/\\\/ville-illies.fr\\\/?page_id=1751#breadcrumb\",\"itemListElement\":[{\"@type\":\"ListItem\",\"position\":1,\"name\":\"Accueil\",\"item\":\"https:\\\/\\\/ville-illies.fr\\\/\"},{\"@type\":\"ListItem\",\"position\":2,\"name\":\"D\u00e9claration pr\u00e9alable de travaux\"}]},{\"@type\":\"WebSite\",\"@id\":\"https:\\\/\\\/ville-illies.fr\\\/#website\",\"url\":\"https:\\\/\\\/ville-illies.fr\\\/\",\"name\":\"Site officiel de la ville d&#039;Illies\",\"description\":\"Illies, votre village\",\"publisher\":{\"@id\":\"https:\\\/\\\/ville-illies.fr\\\/#organization\"},\"potentialAction\":[{\"@type\":\"SearchAction\",\"target\":{\"@type\":\"EntryPoint\",\"urlTemplate\":\"https:\\\/\\\/ville-illies.fr\\\/?s={search_term_string}\"},\"query-input\":{\"@type\":\"PropertyValueSpecification\",\"valueRequired\":true,\"valueName\":\"search_term_string\"}}],\"inLanguage\":\"fr-FR\"},{\"@type\":\"Organization\",\"@id\":\"https:\\\/\\\/ville-illies.fr\\\/#organization\",\"name\":\"Mairie d'Illies\",\"url\":\"https:\\\/\\\/ville-illies.fr\\\/\",\"logo\":{\"@type\":\"ImageObject\",\"inLanguage\":\"fr-FR\",\"@id\":\"https:\\\/\\\/ville-illies.fr\\\/#\\\/schema\\\/logo\\\/image\\\/\",\"url\":\"https:\\\/\\\/ville-illies.fr\\\/wp-content\\\/uploads\\\/2018\\\/12\\\/LogoIllies500x600.png\",\"contentUrl\":\"https:\\\/\\\/ville-illies.fr\\\/wp-content\\\/uploads\\\/2018\\\/12\\\/LogoIllies500x600.png\",\"width\":500,\"height\":600,\"caption\":\"Mairie d'Illies\"},\"image\":{\"@id\":\"https:\\\/\\\/ville-illies.fr\\\/#\\\/schema\\\/logo\\\/image\\\/\"}}]}<\/script>\n<!-- \/ Yoast SEO plugin. -->","yoast_head_json":{"title":"D\u00e9claration pr\u00e9alable de travaux - Site officiel de la ville d&#039;Illies","description":"Dans le cadre de vos projet, la d\u00e9claration pr\u00e9alable de travaux est souvent n\u00e9cessaire. T\u00e9l\u00e9chargez les documents et prennez connaissance des d\u00e9marches.","robots":{"index":"index","follow":"follow","max-snippet":"max-snippet:-1","max-image-preview":"max-image-preview:large","max-video-preview":"max-video-preview:-1"},"canonical":"https:\/\/ville-illies.fr\/?page_id=1751","og_locale":"fr_FR","og_type":"article","og_title":"D\u00e9claration pr\u00e9alable de travaux - Site officiel de la ville d&#039;Illies","og_description":"Dans le cadre de vos projet, la d\u00e9claration pr\u00e9alable de travaux est souvent n\u00e9cessaire. T\u00e9l\u00e9chargez les documents et prennez connaissance des d\u00e9marches.","og_url":"https:\/\/ville-illies.fr\/?page_id=1751","og_site_name":"Site officiel de la ville d&#039;Illies","article_modified_time":"2025-02-26T20:21:36+00:00","og_image":[{"width":602,"height":563,"url":"https:\/\/ville-illies.fr\/wp-content\/uploads\/2019\/02\/formulaire.png","type":"image\/png"}],"twitter_card":"summary_large_image","twitter_misc":{"Dur\u00e9e de lecture estim\u00e9e":"2 minutes"},"schema":{"@context":"https:\/\/schema.org","@graph":[{"@type":"WebPage","@id":"https:\/\/ville-illies.fr\/?page_id=1751","url":"https:\/\/ville-illies.fr\/?page_id=1751","name":"D\u00e9claration pr\u00e9alable de travaux - Site officiel de la ville d&#039;Illies","isPartOf":{"@id":"https:\/\/ville-illies.fr\/#website"},"primaryImageOfPage":{"@id":"https:\/\/ville-illies.fr\/?page_id=1751#primaryimage"},"image":{"@id":"https:\/\/ville-illies.fr\/?page_id=1751#primaryimage"},"thumbnailUrl":"http:\/\/ville-illies.fr\/wp-content\/uploads\/2019\/02\/formulaire.png","datePublished":"2019-02-25T15:21:52+00:00","dateModified":"2025-02-26T20:21:36+00:00","description":"Dans le cadre de vos projet, la d\u00e9claration pr\u00e9alable de travaux est souvent n\u00e9cessaire. T\u00e9l\u00e9chargez les documents et prennez connaissance des d\u00e9marches.","breadcrumb":{"@id":"https:\/\/ville-illies.fr\/?page_id=1751#breadcrumb"},"inLanguage":"fr-FR","potentialAction":[{"@type":"ReadAction","target":["https:\/\/ville-illies.fr\/?page_id=1751"]}]},{"@type":"ImageObject","inLanguage":"fr-FR","@id":"https:\/\/ville-illies.fr\/?page_id=1751#primaryimage","url":"https:\/\/ville-illies.fr\/wp-content\/uploads\/2019\/02\/formulaire.png","contentUrl":"https:\/\/ville-illies.fr\/wp-content\/uploads\/2019\/02\/formulaire.png","width":602,"height":563,"caption":"poctogramme"},{"@type":"BreadcrumbList","@id":"https:\/\/ville-illies.fr\/?page_id=1751#breadcrumb","itemListElement":[{"@type":"ListItem","position":1,"name":"Accueil","item":"https:\/\/ville-illies.fr\/"},{"@type":"ListItem","position":2,"name":"D\u00e9claration pr\u00e9alable de travaux"}]},{"@type":"WebSite","@id":"https:\/\/ville-illies.fr\/#website","url":"https:\/\/ville-illies.fr\/","name":"Site officiel de la ville d&#039;Illies","description":"Illies, votre village","publisher":{"@id":"https:\/\/ville-illies.fr\/#organization"},"potentialAction":[{"@type":"SearchAction","target":{"@type":"EntryPoint","urlTemplate":"https:\/\/ville-illies.fr\/?s={search_term_string}"},"query-input":{"@type":"PropertyValueSpecification","valueRequired":true,"valueName":"search_term_string"}}],"inLanguage":"fr-FR"},{"@type":"Organization","@id":"https:\/\/ville-illies.fr\/#organization","name":"Mairie d'Illies","url":"https:\/\/ville-illies.fr\/","logo":{"@type":"ImageObject","inLanguage":"fr-FR","@id":"https:\/\/ville-illies.fr\/#\/schema\/logo\/image\/","url":"https:\/\/ville-illies.fr\/wp-content\/uploads\/2018\/12\/LogoIllies500x600.png","contentUrl":"https:\/\/ville-illies.fr\/wp-content\/uploads\/2018\/12\/LogoIllies500x600.png","width":500,"height":600,"caption":"Mairie d'Illies"},"image":{"@id":"https:\/\/ville-illies.fr\/#\/schema\/logo\/image\/"}}]}},"_links":{"self":[{"href":"https:\/\/ville-illies.fr\/index.php?rest_route=\/wp\/v2\/pages\/1751","targetHints":{"allow":["GET"]}}],"collection":[{"href":"https:\/\/ville-illies.fr\/index.php?rest_route=\/wp\/v2\/pages"}],"about":[{"href":"https:\/\/ville-illies.fr\/index.php?rest_route=\/wp\/v2\/types\/page"}],"author":[{"embeddable":true,"href":"https:\/\/ville-illies.fr\/index.php?rest_route=\/wp\/v2\/users\/1"}],"replies":[{"embeddable":true,"href":"https:\/\/ville-illies.fr\/index.php?rest_route=%2Fwp%2Fv2%2Fcomments&post=1751"}],"version-history":[{"count":0,"href":"https:\/\/ville-illies.fr\/index.php?rest_route=\/wp\/v2\/pages\/1751\/revisions"}],"wp:attachment":[{"href":"https:\/\/ville-illies.fr\/index.php?rest_route=%2Fwp%2Fv2%2Fmedia&parent=1751"}],"curies":[{"name":"wp","href":"https:\/\/api.w.org\/{rel}","templated":true}]}}