{"id":2498,"date":"2019-05-01T08:11:12","date_gmt":"2019-05-01T08:11:12","guid":{"rendered":"https:\/\/ville-illies.fr\/?page_id=2498"},"modified":"2019-06-08T15:05:35","modified_gmt":"2019-06-08T15:05:35","slug":"carte-nationale-d-identite","status":"publish","type":"page","link":"https:\/\/ville-illies.fr\/?page_id=2498","title":{"rendered":"Carte nationale d&rsquo;identit\u00e9"},"content":{"rendered":"\n[et_pb_section fb_built=\u00a0\u00bb1&Prime; admin_label=\u00a0\u00bbAbout Us Section\u00a0\u00bb _builder_version=\u00a0\u00bb3.21.4&Prime; background_image=\u00a0\u00bbhttps:\/\/ville-illies.fr\/wp-content\/uploads\/2019\/01\/Les-cartes-electorales-et-pieces-d-identite-a-presenter-au-moment-du-vote_largeur_760.jpg\u00a0\u00bb box_shadow_style=\u00a0\u00bbpreset7&Prime; box_shadow_horizontal=\u00a0\u00bb0px\u00a0\u00bb box_shadow_vertical=\u00a0\u00bb-200px\u00a0\u00bb box_shadow_color=\u00a0\u00bb#ffffff\u00a0\u00bb custom_margin=\u00a0\u00bb|5%||5%\u00a0\u00bb custom_margin_phone=\u00a0\u00bb|0px||0px\u00a0\u00bb custom_margin_last_edited=\u00a0\u00bbon|phone\u00a0\u00bb custom_padding=\u00a0\u00bb10%|||\u00a0\u00bb animation_style=\u00a0\u00bbzoom\u00a0\u00bb animation_direction=\u00a0\u00bbtop\u00a0\u00bb animation_intensity_zoom=\u00a0\u00bb5%\u00a0\u00bb][et_pb_row custom_padding=\u00a0\u00bb27px|0px|0px|0px\u00a0\u00bb admin_label=\u00a0\u00bbAbout Us Area\u00a0\u00bb _builder_version=\u00a0\u00bb3.0.83&Prime; background_size=\u00a0\u00bbinitial\u00a0\u00bb background_position=\u00a0\u00bbtop_left\u00a0\u00bb background_repeat=\u00a0\u00bbrepeat\u00a0\u00bb][et_pb_column type=\u00a0\u00bb2_3&Prime; _builder_version=\u00a0\u00bb3.0.47&Prime;][et_pb_text admin_label=\u00a0\u00bbTitle\u00a0\u00bb _builder_version=\u00a0\u00bb3.21.4&Prime; text_font=\u00a0\u00bbMontserrat||||||||\u00a0\u00bb text_text_color=\u00a0\u00bb#747d88&Prime; text_font_size=\u00a0\u00bb16px\u00a0\u00bb text_line_height=\u00a0\u00bb1.9em\u00a0\u00bb header_font=\u00a0\u00bb||||||||\u00a0\u00bb header_text_align=\u00a0\u00bbleft\u00a0\u00bb header_2_font=\u00a0\u00bbMontserrat|700||on|||||\u00a0\u00bb header_2_font_size=\u00a0\u00bb42px\u00a0\u00bb header_2_line_height=\u00a0\u00bb1.3em\u00a0\u00bb background_color=\u00a0\u00bb#f7f7f7&Prime; background_size=\u00a0\u00bbinitial\u00a0\u00bb background_position=\u00a0\u00bbtop_left\u00a0\u00bb background_repeat=\u00a0\u00bbrepeat\u00a0\u00bb box_shadow_style=\u00a0\u00bbpreset1&Prime; box_shadow_vertical=\u00a0\u00bb15px\u00a0\u00bb box_shadow_blur=\u00a0\u00bb45px\u00a0\u00bb box_shadow_color=\u00a0\u00bbrgba(0,0,0,0.15)\u00a0\u00bb max_width=\u00a0\u00bb700px\u00a0\u00bb module_alignment=\u00a0\u00bbleft\u00a0\u00bb custom_margin=\u00a0\u00bb|||\u00a0\u00bb custom_padding=\u00a0\u00bb10%|10%|10%|10%\u00a0\u00bb animation_style=\u00a0\u00bbslide\u00a0\u00bb animation_direction=\u00a0\u00bbbottom\u00a0\u00bb animation_intensity_slide=\u00a0\u00bb4%\u00a0\u00bb animation_starting_opacity=\u00a0\u00bb100%\u00a0\u00bb locked=\u00a0\u00bboff\u00a0\u00bb]<h2>Cartes d&rsquo;identit\u00e9\u00a0<\/h2>\n<p>Depuis Mars 2017, notre commune n\u2019est plus habilit\u00e9e \u00e0 recevoir les demandes de Carte d\u2019identit\u00e9.<\/p>\n<p><strong>Ou s\u2019adresser\u00a0?<\/strong><\/p>\n<p>Le lieu de la demande ne d\u00e9pend pas du domicile. Vous pouvez vous rendre \u00e0 n&rsquo;importe quelle mairie \u00e0 condition qu&rsquo;elle soit \u00e9quip\u00e9e d&rsquo;une station d&rsquo;enregistrement.<\/p>\n<p>Liste des mairies habilit\u00e9es\u00a0: (les gens peuvent cliquer sur le lien ci-dessous)<\/p>\n<p><a href=\"https:\/\/passeport.ants.gouv.fr\/Services-associes\/Ou-faire-ma-demande-de-passeport-CNI\" target=\"_blank\" rel=\"noopener noreferrer\">https:\/\/passeport.ants.gouv.fr\/Services-associes\/Ou-faire-ma-demande-de-passeport-CNI<\/a><\/p>\n<table style=\"background-color: rgba(208,188,7,0.2);\">\n<tbody>\n<tr>\n<td>ATTENTION : Dans certaines Mairies le d\u00e9pot du dossier se fait uniquement sur rendez-vous<\/td>\n<\/tr>\n<\/tbody>\n<\/table>\n<p>Afin de pr\u00e9parer votre rendez-vous, une pr\u00e9-demande en ligne est n\u00e9cessaire (CLIC ci-dessous)<\/p>\n<p><a href=\"https:\/\/passeport.ants.gouv.fr\/Services-associes\/Realiser-une-pre-demande-de-carte-nationale-d-identite-CNI\" target=\"_blank\" rel=\"noopener noreferrer\">https:\/\/passeport.ants.gouv.fr\/Services-associes\/Realiser-une-pre-demande-de-carte-nationale-d-identite-CNI<\/a><\/p>\n<p>Il faudra ensuite vous rendre en mairie pour finaliser la demande avec les pi\u00e8ces justificatives.<\/p>\n<p>Le guichet r\u00e9cup\u00e9rera vos donn\u00e9es gr\u00e2ce au num\u00e9ro de pr\u00e9-demande, v\u00e9rifiera vos pi\u00e8ces justificatives et prendra les empreintes.<\/p>\n[\/et_pb_text][\/et_pb_column][et_pb_column type=\u00a0\u00bb1_3&Prime; _builder_version=\u00a0\u00bb3.0.47&Prime;][\/et_pb_column][\/et_pb_row][\/et_pb_section]\n","protected":false},"excerpt":{"rendered":"<p>Cartes d&rsquo;identit\u00e9\u00a0 Depuis Mars 2017, notre commune n\u2019est plus habilit\u00e9e \u00e0 recevoir les demandes de Carte d\u2019identit\u00e9. Ou s\u2019adresser\u00a0? Le lieu de la demande ne d\u00e9pend pas du domicile. Vous pouvez vous rendre \u00e0 n&rsquo;importe quelle mairie \u00e0 condition qu&rsquo;elle soit \u00e9quip\u00e9e d&rsquo;une station d&rsquo;enregistrement. Liste des mairies habilit\u00e9es\u00a0: (les gens peuvent cliquer sur le [&hellip;]<\/p>\n","protected":false},"author":1,"featured_media":0,"parent":0,"menu_order":0,"comment_status":"closed","ping_status":"closed","template":"","meta":{"_et_pb_use_builder":"on","_et_pb_old_content":"","_et_gb_content_width":"","footnotes":""},"class_list":["post-2498","page","type-page","status-publish","hentry"],"yoast_head":"<!-- This site is optimized with the Yoast SEO plugin v27.4 - https:\/\/yoast.com\/product\/yoast-seo-wordpress\/ -->\n<title>Carte nationale d&#039;identit\u00e9 - Site officiel de la ville d&#039;Illies<\/title>\n<meta name=\"description\" content=\"Toutes les informations n\u00e9cessaires \u00e0 la cr\u00e9ation ou au renouvellement de votre carte nationale d&#039;identit\u00e9 aupr\u00e8s de la mairie d&#039;Illies\" \/>\n<meta name=\"robots\" content=\"index, follow, max-snippet:-1, max-image-preview:large, max-video-preview:-1\" \/>\n<link rel=\"canonical\" href=\"https:\/\/ville-illies.fr\/?page_id=2498\" \/>\n<meta property=\"og:locale\" content=\"fr_FR\" \/>\n<meta property=\"og:type\" content=\"article\" \/>\n<meta property=\"og:title\" content=\"Carte nationale d&#039;identit\u00e9 - Site officiel de la ville d&#039;Illies\" \/>\n<meta property=\"og:description\" content=\"Toutes les informations n\u00e9cessaires \u00e0 la cr\u00e9ation ou au renouvellement de votre carte nationale d&#039;identit\u00e9 aupr\u00e8s de la mairie d&#039;Illies\" \/>\n<meta property=\"og:url\" content=\"https:\/\/ville-illies.fr\/?page_id=2498\" \/>\n<meta property=\"og:site_name\" content=\"Site officiel de la ville d&#039;Illies\" \/>\n<meta property=\"article:modified_time\" content=\"2019-06-08T15:05:35+00:00\" \/>\n<meta name=\"twitter:card\" content=\"summary_large_image\" \/>\n<meta name=\"twitter:label1\" content=\"Dur\u00e9e de lecture estim\u00e9e\" \/>\n\t<meta name=\"twitter:data1\" content=\"2 minutes\" \/>\n<script type=\"application\/ld+json\" class=\"yoast-schema-graph\">{\"@context\":\"https:\\\/\\\/schema.org\",\"@graph\":[{\"@type\":\"WebPage\",\"@id\":\"https:\\\/\\\/ville-illies.fr\\\/?page_id=2498\",\"url\":\"https:\\\/\\\/ville-illies.fr\\\/?page_id=2498\",\"name\":\"Carte nationale d'identit\u00e9 - Site officiel de la ville d&#039;Illies\",\"isPartOf\":{\"@id\":\"https:\\\/\\\/ville-illies.fr\\\/#website\"},\"datePublished\":\"2019-05-01T08:11:12+00:00\",\"dateModified\":\"2019-06-08T15:05:35+00:00\",\"description\":\"Toutes les informations n\u00e9cessaires \u00e0 la cr\u00e9ation ou au renouvellement de votre carte nationale d'identit\u00e9 aupr\u00e8s de la mairie d'Illies\",\"breadcrumb\":{\"@id\":\"https:\\\/\\\/ville-illies.fr\\\/?page_id=2498#breadcrumb\"},\"inLanguage\":\"fr-FR\",\"potentialAction\":[{\"@type\":\"ReadAction\",\"target\":[\"https:\\\/\\\/ville-illies.fr\\\/?page_id=2498\"]}]},{\"@type\":\"BreadcrumbList\",\"@id\":\"https:\\\/\\\/ville-illies.fr\\\/?page_id=2498#breadcrumb\",\"itemListElement\":[{\"@type\":\"ListItem\",\"position\":1,\"name\":\"Accueil\",\"item\":\"https:\\\/\\\/ville-illies.fr\\\/\"},{\"@type\":\"ListItem\",\"position\":2,\"name\":\"Carte nationale d&rsquo;identit\u00e9\"}]},{\"@type\":\"WebSite\",\"@id\":\"https:\\\/\\\/ville-illies.fr\\\/#website\",\"url\":\"https:\\\/\\\/ville-illies.fr\\\/\",\"name\":\"Site officiel de la ville d&#039;Illies\",\"description\":\"Illies, votre village\",\"publisher\":{\"@id\":\"https:\\\/\\\/ville-illies.fr\\\/#organization\"},\"potentialAction\":[{\"@type\":\"SearchAction\",\"target\":{\"@type\":\"EntryPoint\",\"urlTemplate\":\"https:\\\/\\\/ville-illies.fr\\\/?s={search_term_string}\"},\"query-input\":{\"@type\":\"PropertyValueSpecification\",\"valueRequired\":true,\"valueName\":\"search_term_string\"}}],\"inLanguage\":\"fr-FR\"},{\"@type\":\"Organization\",\"@id\":\"https:\\\/\\\/ville-illies.fr\\\/#organization\",\"name\":\"Mairie d'Illies\",\"url\":\"https:\\\/\\\/ville-illies.fr\\\/\",\"logo\":{\"@type\":\"ImageObject\",\"inLanguage\":\"fr-FR\",\"@id\":\"https:\\\/\\\/ville-illies.fr\\\/#\\\/schema\\\/logo\\\/image\\\/\",\"url\":\"https:\\\/\\\/ville-illies.fr\\\/wp-content\\\/uploads\\\/2018\\\/12\\\/LogoIllies500x600.png\",\"contentUrl\":\"https:\\\/\\\/ville-illies.fr\\\/wp-content\\\/uploads\\\/2018\\\/12\\\/LogoIllies500x600.png\",\"width\":500,\"height\":600,\"caption\":\"Mairie d'Illies\"},\"image\":{\"@id\":\"https:\\\/\\\/ville-illies.fr\\\/#\\\/schema\\\/logo\\\/image\\\/\"}}]}<\/script>\n<!-- \/ Yoast SEO plugin. -->","yoast_head_json":{"title":"Carte nationale d'identit\u00e9 - Site officiel de la ville d&#039;Illies","description":"Toutes les informations n\u00e9cessaires \u00e0 la cr\u00e9ation ou au renouvellement de votre carte nationale d'identit\u00e9 aupr\u00e8s de la mairie d'Illies","robots":{"index":"index","follow":"follow","max-snippet":"max-snippet:-1","max-image-preview":"max-image-preview:large","max-video-preview":"max-video-preview:-1"},"canonical":"https:\/\/ville-illies.fr\/?page_id=2498","og_locale":"fr_FR","og_type":"article","og_title":"Carte nationale d'identit\u00e9 - Site officiel de la ville d&#039;Illies","og_description":"Toutes les informations n\u00e9cessaires \u00e0 la cr\u00e9ation ou au renouvellement de votre carte nationale d'identit\u00e9 aupr\u00e8s de la mairie d'Illies","og_url":"https:\/\/ville-illies.fr\/?page_id=2498","og_site_name":"Site officiel de la ville d&#039;Illies","article_modified_time":"2019-06-08T15:05:35+00:00","twitter_card":"summary_large_image","twitter_misc":{"Dur\u00e9e de lecture estim\u00e9e":"2 minutes"},"schema":{"@context":"https:\/\/schema.org","@graph":[{"@type":"WebPage","@id":"https:\/\/ville-illies.fr\/?page_id=2498","url":"https:\/\/ville-illies.fr\/?page_id=2498","name":"Carte nationale d'identit\u00e9 - Site officiel de la ville d&#039;Illies","isPartOf":{"@id":"https:\/\/ville-illies.fr\/#website"},"datePublished":"2019-05-01T08:11:12+00:00","dateModified":"2019-06-08T15:05:35+00:00","description":"Toutes les informations n\u00e9cessaires \u00e0 la cr\u00e9ation ou au renouvellement de votre carte nationale d'identit\u00e9 aupr\u00e8s de la mairie d'Illies","breadcrumb":{"@id":"https:\/\/ville-illies.fr\/?page_id=2498#breadcrumb"},"inLanguage":"fr-FR","potentialAction":[{"@type":"ReadAction","target":["https:\/\/ville-illies.fr\/?page_id=2498"]}]},{"@type":"BreadcrumbList","@id":"https:\/\/ville-illies.fr\/?page_id=2498#breadcrumb","itemListElement":[{"@type":"ListItem","position":1,"name":"Accueil","item":"https:\/\/ville-illies.fr\/"},{"@type":"ListItem","position":2,"name":"Carte nationale d&rsquo;identit\u00e9"}]},{"@type":"WebSite","@id":"https:\/\/ville-illies.fr\/#website","url":"https:\/\/ville-illies.fr\/","name":"Site officiel de la ville d&#039;Illies","description":"Illies, votre village","publisher":{"@id":"https:\/\/ville-illies.fr\/#organization"},"potentialAction":[{"@type":"SearchAction","target":{"@type":"EntryPoint","urlTemplate":"https:\/\/ville-illies.fr\/?s={search_term_string}"},"query-input":{"@type":"PropertyValueSpecification","valueRequired":true,"valueName":"search_term_string"}}],"inLanguage":"fr-FR"},{"@type":"Organization","@id":"https:\/\/ville-illies.fr\/#organization","name":"Mairie d'Illies","url":"https:\/\/ville-illies.fr\/","logo":{"@type":"ImageObject","inLanguage":"fr-FR","@id":"https:\/\/ville-illies.fr\/#\/schema\/logo\/image\/","url":"https:\/\/ville-illies.fr\/wp-content\/uploads\/2018\/12\/LogoIllies500x600.png","contentUrl":"https:\/\/ville-illies.fr\/wp-content\/uploads\/2018\/12\/LogoIllies500x600.png","width":500,"height":600,"caption":"Mairie d'Illies"},"image":{"@id":"https:\/\/ville-illies.fr\/#\/schema\/logo\/image\/"}}]}},"_links":{"self":[{"href":"https:\/\/ville-illies.fr\/index.php?rest_route=\/wp\/v2\/pages\/2498","targetHints":{"allow":["GET"]}}],"collection":[{"href":"https:\/\/ville-illies.fr\/index.php?rest_route=\/wp\/v2\/pages"}],"about":[{"href":"https:\/\/ville-illies.fr\/index.php?rest_route=\/wp\/v2\/types\/page"}],"author":[{"embeddable":true,"href":"https:\/\/ville-illies.fr\/index.php?rest_route=\/wp\/v2\/users\/1"}],"replies":[{"embeddable":true,"href":"https:\/\/ville-illies.fr\/index.php?rest_route=%2Fwp%2Fv2%2Fcomments&post=2498"}],"version-history":[{"count":0,"href":"https:\/\/ville-illies.fr\/index.php?rest_route=\/wp\/v2\/pages\/2498\/revisions"}],"wp:attachment":[{"href":"https:\/\/ville-illies.fr\/index.php?rest_route=%2Fwp%2Fv2%2Fmedia&parent=2498"}],"curies":[{"name":"wp","href":"https:\/\/api.w.org\/{rel}","templated":true}]}}